s 25 + -23 + (72 - -1) - (-508 + 525)?
58
Calculate -6 - (-3 + 29 + -15 + (3 - (-12 - -10))).
-22
Evaluate 14 + 0 + 2 + (-37 - 0 - -25).
4
Evaluate -43 + (-50 - -78) - -33.
18
Calculate 20 + -7 + (1 + -6 - (57 + -86)).
37
Calculate -9 + 0 + (80 + -109 - -88).
50
What is the value of (-44 - (-1 + -18)) + (-28 - -91)?
38
What is the value of -472 + 462 + 0 + 20?
10
Calculate -20 - (-149 + 176 + -2 + 0 - 9).
-36
38 + 30 + -45 + -54
-31
What is the value of -17 + 67 - (-5 - (-11 + 11))?
55
What is the value of -95 - (22 + 1 + (564 - 610))?
-72
Evaluate (1 - (-3 - -18 - 17)) + -12 + -1 + 39.
29
Calculate -7 - (21 + -29) - 13 - -17.
5
What is the value of -23 + (-9 - 25) + 12 + 11 + 0?
-34
Calculate -42 + (10 - (30 + -27)).
-35
-92 + (-3 - 1) + 1210 + -1188
-74
What is the value of -11 + (-7 + 4 - -2) - (96 - 85)?
-23
Calculate (-4 - 10) + 22 - (-29 + (-4 - -13)).
28
What is (9 + -4 - (-7 - (5 - 7 - 9))) + 1?
2
What is the value of (8 + -1 - 5) + (-30 + 12 - -26)?
10
Evaluate (-11 - (-21 + 7) - 2) + -19 + 8.
-10
What is the value of 849 + -857 - (0 - 8)?
0
241 + -116 + -122 + (-1 - -1) + 2 + -1
4
Evaluate (-49 - 34) + 60 + (5 - 23).
-41
What is the value of 179 - (-131 + 362 + -127)?
75
What is 93 + (-48 - -105) + -69?
81
Evaluate -22 + -22 + -8 + 82.
30
Calculate (-34 - (-4 + -20) - (-3 + -4)) + 18.
15
Evaluate 72 - (44 + (84 - 34)).
-22
Evaluate -68 + 35 + 52 - (11 - (-15 - -8)).
1
(-12 - -2) + 5 + (23 - 12) + -15 + -7
-16
Evaluate 8 - (9 - 79) - (-13 - ((11 - 23) + 9)).
88
Evaluate -62 + (-24 - -44 - 27).
-69
What is the value of -18 - (12 + (-19 - -20) - 40)?
9
Calculate -32 - (58 - -1) - -46.
-45
Calculate (10 - 2 - 0) + 2 + 2 - (1337 - 1326).
1
28 + (147 - 128) + (-1 - 43)
3
Evaluate 8 + (-174 - -170 - (1 + 0 + -4)) + -44.
-37
(7 - 7 - (-1 + 3)) + -71 + (1264 - 1276)
-85
2 + -1 + ((35 - -14) + -33 - -25)
42
Evaluate -1 + -3 + 15 + (-12 - 9 - 48) + -8.
-66
What is 1963 + -1961 - ((11 - 4) + -58 + (-1 - 2))?
56
What is -8 - (12 + -7) - -2 - -49?
38
Calculate -4 - (-84 + (15 - 44 - -1)).
108
-40 + (-7 - (1 + 8 + -1 - 18))
-37
(-17 - 2 - (3 - 3)) + -2833 + 2772
-80
Evaluate 25 - (-18 + 15 - -18 - (0 - -3)).
13
What is (-8 - -46) + (-3 - (-7 + 17))?
25
Evaluate 16 - (-4 - -7 - (63 + 2) - 7).
85
Evaluate -138 - (-147 + -2) - (2 + (1 - (-3 - -2))).
7
What is the value of (-25 - ((12 - 31) + 33)) + 109?
70
What is the value of 46 - (56 + -25 - -40)?
-25
What is the value of (-3 + -4 - (32 - 48)) + -4 + 4 + -9?
0
14 - (163 + -190 - (-1 + -16))
24
What is 8 + (12 - (24 - 11)) - (4 - (-3 + 9))?
9
-11 + 77 - (412 - 363)
17
Evaluate 8 + -18 + -1 - (-1 + 23).
-33
Calculate (-19 - -31) + (2 - 56).
-42
Calculate 9894 + -9904 + 1 + 99.
90
What is (0 - (-1 + 3)) + -46 + 53 + (68 - -18)?
91
Calculate 166 - (64 - 17) - 68.
51
What is the value of 27 + (10 - (17 + 19)) + 16?
17
What is 44 + (-75 - -37) - (1 - (5 + 0 + 3))?
13
Evaluate 102 + (-32 - -10) + (-23 - -16) + 14.
87
What is the value of 30 - 13 - 20 - (-4 + (-3 - 34))?
38
Evaluate 0 + 10 + -1 + -13 + (-21 - (-25 + -4)).
4
What is the value of 5 + -40 + 5 - (116 + -289)?
143
33 + 2 - (-101 - (-107 + -72))
-43
Evaluate 0 + (-21 - -32) - (-2 + 10 + 91).
-88
What is the value of -47 - (-4 - -88) - -47 - (-6 + -1)?
-77
4 + (-2 - -15) - (-7 - -48)
-24
Evaluate 29 - 23 - (166 + -98).
-62
13 - (-2 + 28 + (-38 - -26))
-1
36 - ((-27 - (33 + -52)) + 0 + 7)
37
Evaluate 6 + 23 - (221 + -247).
55
What is -29 - -32 - (155 - (15 - 24) - 19)?
-142
-76 + (29 + 0 - (-276 + 316)) + (0 - 7)
-94
What is 3 + 1 + 25 - (-1538 + 1558)?
9
What is the value of -39 + -108 + 138 - (-7 + -2)?
0
Calculate 0 - -103 - (13 - 2 - (-201 - -195)).
86
What is 46 - (-3 - -13 - 4 - (9 + 6 + -19))?
36
1 + 3 + -91 + 78 + (-1 - (0 - -45))
-55
Evaluate ((-4 - 27) + 18 - -23) + -11.
-1
Evaluate -59 - (-48 - -15) - (9 - -2).
-37
What is the value of 1 - (23 + -27 + 54 + -10)?
-39
(13 - (-2 - -6)) + 190 + -7 + -77
115
Calculate 56 - (71 + 21) - -59.
23
What is the value of (18 - 11 - 6) + 5 + (6 - 8) + -95?
-91
What is -2 - (-22 + 2 - ((1 - -29) + -18))?
30
Calculate (82 - 14) + (224 - 292).
0
What is the value of -14 - (-58 + 13 + 31)?
0
What is the value of -14 + 34 + -25 + 23?
18
Calculate 24 - (-12 + (11 - 23) - -83).
-35
What is 23 + (-8 - (4 + (4 - (10 + -4))))?
13
5 + 4 + (-32 - -20 - -4)
1
Calculate -10 - (-4 + 20 + ((5 - 36) + 14 - 108)).
99
What is the value of 88 + -33 + -36 + -22 + -2 + -17?
-22
Evaluate -62 - (40 + -55 + -28).
-19
Calculate -11 + 11 - (11 - -8) - -61.
42
Calculate -43 + 20 + (13 + -7 - 0).
-17
Calculate 6 + (-19 - (-26 + -12 + -4)).
29
Calculate 17 + (-9 + 9 - 32).
-15
Calculate (-23 - (42 - -24)) + 164.
75
(11 + (-10 + -12 - -17) - 23) + -44
-61
Evaluate (6 - 9) + (-30 + (10 - -8) - 32).
-47
What is (-623 - -634) + (-42 - (2 - (3 - 2)))?
-32
What is -23 + 74 + -15 + 7 + -21?
22
What is (-19 - (4 - (-22 + 37))) + 24?
16
What is -91 + -8 + 153 + (21 - -2)?
77
(-75 + -101 - -180) + (-2 - (1 + -49))
50
Evaluate -55 + 36 + 12 - (-4 + 27).
-30
What is (25 + -4 + 17 + 14 - -10) + 1 + -17?
46
Calculate -10 + (-1 - 18) + -300 + 301.
-28
-38689 + 38679 - (1 + (49 - 2) - 2)
-56
(127 - (37 + 84)) + 19 + 1 + (0 - -3)
29
Evaluate -39 + 53 + (7 - 80) + 11.
-48
-5 + (442 - 435 - (2 + (6 - 2 - 2)))
-2
What is -31 + -23 + 48 + (-8 + 4 + -8 - 2)?
-20
What is (6 - 3 - -97) + (15 - (23 + -21 + 4))?
109
What is (87 + -23 - 49) + (5 - -1)?
21
What is the value of -1 + 18 - (55 - (-67 + 97 + -51))?
-59
-20 + 8 + 21 - 47 - (-10 + 10)
-38
Evaluate 100 - (34 + 53 + -81).
94
Calculate -7 + 47 - (-264 - -319).
-15
Evaluate (0 - -4 - 10) + -51 + (32 - 6).
-31
What is (-6 + 5 + -61 - (-1 - -4)) + (63 - 54)?
-56
What is ((0 - 5) + 2 - (4 - 34 - -23)) + 84?
88
Calculate (-40 - (-46 - 34)) + 10.
50
0 + -8 + -11 + 3 + 10 + -1
-7
-105 + 152 + -177 - -138
8
Calculate (-4 - -2) + (-19 - (-26 + -12)) - 101.
-84
Evaluate 6 - (23 + (2 - (-19 - -30))).
-8
Evaluate 22 - -19 - (1 + (3 - 2)).
39
What is the value of 1 - 106 - (-10011 - -9871)?
35
-127 - (54 - -26) - -104
-103
What is 1 - 19 - ((-92 - -30) + 31 - -133)?
-120
Evaluate 0 + -105 + (1 - 6) + -148 + 189 + -30.
-99
41 + -143 - ((-1 - -5) + -24)
-82
What is the value of (35 - 22) + 4 - 28 - (-7 - 1)?
-3
Calculate (2 - -11) + -20 - 7 - 8.
-22
Calculate (-340 - -347) + 42 + (8 - (3 + 1)) + 0.
53
Calculate 16 + -94 - -72 - 36.
-42
Calculate 666 + -726 + 35 + 11.
-14
(-129 - -10) + (-154 - -207)
-66
What is the value of (-20 - -15) + (-9 - -29 - 49)?
-34
Evaluate 72 - (32 - (37 + 20 - 39)).
58
What is -81 + (72 - 195 - -151)?
-53
Calculate -2206 + 2235 + 4 + 5 + 1.
39
Evaluate (-1 - -69) + (-548 - -563 - (25 - -3)).
55
What is -5 + (-21 - -22) + -23 + 3?
-24
What is 0 + 5 - (33 + 83 + -99) - 116?
-128
What is the value of -113 - (-14 + -10 + 7)?
-96
What is the value of (6 - -2) + -21 + 15 + -4 + 82?
80
Calculate (-30 - (23 + -11 - -14)) + (0 - 1).
-57
168 + -184 - (-9 - (1 - -2)) - (75 - -1)
-80
What is -11044 - -11013 - (19 + -1)?
-49
Calculate 54 - (5 - -113) - -65.
1
(-4 - 31) + (-12 - (-28 - -2))
-21
Calculate -32 + 1 + (128 - -95 - 52).
140
Evaluate -16 + 15 + (1 - -1 - -8) + 19.
28
Evaluate 244 + 224 + -494 - (-1 + 77).
-102
What is the value of 94 - (87 + 66) - -66?
7
What is (14 - 57 - 88) + 22?
-109
Evaluate (-43 - -52 - 40) + 30.
-1
Evaluate 36 + -54 - 44 - -3.
-59
What is 5 - (-2 + 8) - (-3 + (3 - 6) + -7)?
12
What is -91 - (-24 - (10 + -4 - 22))?
-83
(2 + 2 - 1) + 1 + -2871 + 2881
14
Evaluate -94 + 18 + 71 + -38.
-43
Calculate -15 + -14 + -17 + (-8 - -8) + 1.
-45
Calculate 13 + (25 - (65 + 70 - (-7 - -22))).
-82
What is the value of -41 - -138 - (-120 - -219)?
-2
What is the value of (-14 - -35) + (50 + -19 - 10)?
42
6 - (-9 + 0 + -27)
42
Evaluate 9 + (34 - -31 - 48 - (1 - -19)).
6
Calculate (-3 + 5 - -35 - 18) + 2 + 13.
34
14 + 4 + -3 + (59 - -18 - -30)
122
Evaluate (-20 - ((-17 - -3) + -13)) + (-38 - (1 + -2)).
-30
What is -11 + (8 + -3 + 5 - (0 - 27 - 13))?
39
What is the value of (1 + -65 - -6) + (8 - -1)?
-49
Calculate (-150 - -85 - -94) + -2 + (4 - (0 + -1)).
32
Calculate 98 + 87 + -67 + (-41 - 1).
76
What is -141 + (-291 - -421) + (16 - 1 - 0)?
4
Evaluate (1 + -8 - (1 - (-30 - -8))) + 4.
-26
What is -2 + 1 - (-44 + (-20 - -41) + -13)?
35
Calculate 101 + (86 + -84 - (45 - 3)).
61
-96 + -